{"id":281,"date":"2022-04-25T14:16:47","date_gmt":"2022-04-25T13:16:47","guid":{"rendered":"http:\/\/www.ultimaster.com\/?page_id=281"},"modified":"2022-04-25T14:19:11","modified_gmt":"2022-04-25T13:19:11","slug":"wiederverkaufer","status":"publish","type":"page","link":"https:\/\/www.ultimaster.com\/index.php\/de\/ultimaster-de\/wiederverkaufer\/","title":{"rendered":"Wiederverk\u00e4ufer"},"content":{"rendered":"\n<h3 class=\"wp-block-heading\"><strong>WERDEN SIE EIN TEIL VON ULTIMASTER<\/strong><\/h3>\n\n\n\n<figure class=\"wp-block-image size-large\"><img loading=\"lazy\" decoding=\"async\" width=\"1024\" height=\"680\" src=\"http:\/\/www.ultimaster.com\/wp-content\/uploads\/2022\/02\/INDUSTRY-people-1-1024x680.jpg\" alt=\"\" class=\"wp-image-95\" srcset=\"https:\/\/www.ultimaster.com\/wp-content\/uploads\/2022\/02\/INDUSTRY-people-1-1024x680.jpg 1024w, https:\/\/www.ultimaster.com\/wp-content\/uploads\/2022\/02\/INDUSTRY-people-1-300x199.jpg 300w, https:\/\/www.ultimaster.com\/wp-content\/uploads\/2022\/02\/INDUSTRY-people-1-768x510.jpg 768w, https:\/\/www.ultimaster.com\/wp-content\/uploads\/2022\/02\/INDUSTRY-people-1-1536x1020.jpg 1536w, https:\/\/www.ultimaster.com\/wp-content\/uploads\/2022\/02\/INDUSTRY-people-1.jpg 1700w\" sizes=\"auto, (max-width: 1024px) 100vw, 1024px\" \/><\/figure>\n\n\n\n<p>Ihre Firma vertreibt Schwei\u00dfmaschinen oder artverwandte Maschinen und\/oder Hightech-Produkte, bei denen projektbezogen tragbare oder station\u00e4re Bearbeitungsmaschinen zum Einsatz kommen, und Sie m\u00f6chten Ihre Produktpalette mit Maschinen f\u00fcr orbitales Schneiden, Anplanen von Rohren, tragbare Maschinen zur Bearbeitung erg\u00e4nzen?<\/p>\n\n\n\n<p>Ihre Firma bietet Service-Leistungen, die orbitales Schneiden beinhalten. Sie m\u00f6chten Ihren Kunden speziell diese Maschinen anbieten. Sie haben Kunden aus den Bereichen Bau und\/oder Wartung von Rohrleitungen aller Art, Errichtung von Schiffswerften, Halbleiterproduktion, der Nahrungsmittelindustrie&#8230; in Verbindung mit Rohrkomponenten? Sie erf\u00fcllen die erforderlichen organisatorischen (Techniker, die unsere Ger\u00e4te vor Ort beim Kunden vorf\u00fchren, Bedarf ermitteln, fachlich beraten und so als kompetente Schnittstelle zu <strong>ULTIMASTER <\/strong>fungieren k\u00f6nnen) sowie die vertrieblichen Voraussetzungen (sind u.a. auf Fachmessen vertreten, haben einen strukturierten kaufm\u00e4nnischen Ablauf), die Sie in die Lage versetzen, uns in Ihrem Land oder Ihrer Region aktiv zu vertreten?<\/p>\n","protected":false},"excerpt":{"rendered":"<p>WERDEN SIE EIN TEIL VON ULTIMASTER Ihre Firma vertreibt Schwei\u00dfmaschinen oder artverwandte Maschinen und\/oder Hightech-Produkte, bei denen projektbezogen tragbare oder station\u00e4re Bearbeitungsmaschinen zum Einsatz kommen, und Sie m\u00f6chten Ihre Produktpalette mit Maschinen f\u00fcr orbitales Schneiden, Anplanen von Rohren, tragbare Maschinen zur Bearbeitung erg\u00e4nzen? Ihre Firma bietet Service-Leistungen, die orbitales Schneiden beinhalten. Sie m\u00f6chten Ihren Kunden &hellip; <\/p>\n<p class=\"link-more\"><a href=\"https:\/\/www.ultimaster.com\/index.php\/de\/ultimaster-de\/wiederverkaufer\/\" class=\"more-link\">Read more<span class=\"screen-reader-text\"> &#8220;Wiederverk\u00e4ufer&#8221;<\/span><\/a><\/p>\n","protected":false},"author":2,"featured_media":0,"parent":277,"menu_order":0,"comment_status":"closed","ping_status":"closed","template":"","meta":{"footnotes":""},"class_list":["post-281","page","type-page","status-publish","hentry"],"_links":{"self":[{"href":"https:\/\/www.ultimaster.com\/index.php\/wp-json\/wp\/v2\/pages\/281","targetHints":{"allow":["GET"]}}],"collection":[{"href":"https:\/\/www.ultimaster.com\/index.php\/wp-json\/wp\/v2\/pages"}],"about":[{"href":"https:\/\/www.ultimaster.com\/index.php\/wp-json\/wp\/v2\/types\/page"}],"author":[{"embeddable":true,"href":"https:\/\/www.ultimaster.com\/index.php\/wp-json\/wp\/v2\/users\/2"}],"replies":[{"embeddable":true,"href":"https:\/\/www.ultimaster.com\/index.php\/wp-json\/wp\/v2\/comments?post=281"}],"version-history":[{"count":2,"href":"https:\/\/www.ultimaster.com\/index.php\/wp-json\/wp\/v2\/pages\/281\/revisions"}],"predecessor-version":[{"id":283,"href":"https:\/\/www.ultimaster.com\/index.php\/wp-json\/wp\/v2\/pages\/281\/revisions\/283"}],"up":[{"embeddable":true,"href":"https:\/\/www.ultimaster.com\/index.php\/wp-json\/wp\/v2\/pages\/277"}],"wp:attachment":[{"href":"https:\/\/www.ultimaster.com\/index.php\/wp-json\/wp\/v2\/media?parent=281"}],"curies":[{"name":"wp","href":"https:\/\/api.w.org\/{rel}","templated":true}]}}