{"id":316,"date":"2022-04-29T15:51:36","date_gmt":"2022-04-29T14:51:36","guid":{"rendered":"http:\/\/www.ultimaster.com\/?page_id=316"},"modified":"2022-04-29T15:51:37","modified_gmt":"2022-04-29T14:51:37","slug":"gamme-sl-dresseuses-de-tubes","status":"publish","type":"page","link":"https:\/\/www.ultimaster.com\/index.php\/fr\/notre-gamme-de-produits\/dresseuses-de-tubes\/gamme-sl-dresseuses-de-tubes\/","title":{"rendered":"Gamme SL &#8211; Dresseuses de tubes"},"content":{"rendered":"\n<p>Rechtwinkliges &amp; gratfreies Anplanen and Anfasen (I-V-U-Innenbearbeitung-Doppelfasen) f\u00fcr Rohre &amp; Rohrbogen. Mit der PROTEM SE-NG Serie lassen sich Rohre mit Au\u00dfen \u00d8 von 0.393\u201c &#8211; 8.622\u201c (10mm-219mm) bearbeiten. Die PROTEM SE-NG Serie bietet einen sehr pr\u00e4zisen Vorschub, leistungsstarke &amp; zuverl\u00e4ssige Antriebe f\u00fcr ein perfektes Arbeitsergebnis &amp; optimierte Lebensdauer der Schneideins\u00e4tze. Die Werkzeughalterplatte erm\u00f6glicht das Planen &amp; Anfasen von Rohren, Fittings, aus allen Arten von Material (Normalstahl, Edelstahl, Legierungen). Die Sp\u00e4ne bleiben zusammen &amp; k\u00f6nnen leicht aufgefangen werden, dadurch werden Verunreinigungen des Rohres vermieden.<\/p>\n\n\n\n<h3 class=\"wp-block-heading\" id=\"sl-series-advantages\">Gamme SL Avantages<\/h3>\n\n\n\n<p>\u2022 Portable<br>\u2022 Machine puissante<br>\u2022 Utilisation simple et s\u00e9curis\u00e9e pour l\u00b4op\u00e9rateur<br>\u2022 Pas de zone affect\u00e9e thermiquement<br>\u2022 Haute pr\u00e9cision<br>\u2022 Montage rapide et simple<br>\u2022 Parfaite pr\u00e9paration \u00e0 la soudure<br>\u2022 \u00c9quipement adapt\u00e9 pour des travaux \u00e0 r\u00e9aliser dans des zones difficiles d\u00b4acc\u00e8s, dimensions r\u00e9duites<br>\u2022 La machine peut \u00eatre utilis\u00e9e en toutes positions: horizontale, verticale, au plafond\u2026<br>\u2022 Les plaquettes d\u00b4usinage peuvent \u00eatre remplac\u00e9es et r\u00e9gl\u00e9es tr\u00e8s rapidement<br>\u2022 \u00c9tat de surface apr\u00e8s usinage lisse et sans bavure<br>\u2022 Pas de vibration pendant l\u00b4usinage<\/p>\n\n\n\n<h2 class=\"wp-block-heading\" id=\"sl30\">SL30<\/h2>\n\n\n\n<h3 class=\"wp-block-heading\">Caract\u00e9ristiques techniques<\/h3>\n\n\n\n<figure class=\"wp-block-table is-style-stripes\"><table><tbody><tr><td>Capacit\u00e9 d\u2019usinage :<\/td><td>0.118\u201c &#8211; 1.181\u201c <br>(3mm &#8211; 30mm)<\/td><\/tr><tr><td>Formes et angles de chanfreins :<\/td><td>I, V,<br>Autres sur demande<\/td><\/tr><tr><td>Serrage :<\/td><td>Manuel<\/td><\/tr><tr><td>Course d\u00b4avance :<\/td><td>0.394\u201c (10mm)<\/td><\/tr><tr><td>Vitesse de rotation :<\/td><td>95 tr\/min \u00e0 280 tr\/min<\/td><\/tr><tr><td>Motorisation pneumatique :<\/td><td>730 W, 6 bar (87 psi),<br>1400 l\/min (49 cfm)<\/td><\/tr><tr><td>Motorisation \u00e9lectrique :<\/td><td>110 V (1500 W) ou<br>220 V (1050 W)<\/td><\/tr><\/tbody><\/table><\/figure>\n\n\n\n<figure class=\"wp-block-image size-full is-resized\"><img loading=\"lazy\" decoding=\"async\" src=\"http:\/\/www.ultimaster.com\/wp-content\/uploads\/2022\/02\/SL30.png\" alt=\"\" class=\"wp-image-62\" width=\"755\" height=\"572\" srcset=\"https:\/\/www.ultimaster.com\/wp-content\/uploads\/2022\/02\/SL30.png 355w, https:\/\/www.ultimaster.com\/wp-content\/uploads\/2022\/02\/SL30-300x227.png 300w\" sizes=\"auto, (max-width: 755px) 100vw, 755px\" \/><\/figure>\n\n\n\n<h2 class=\"wp-block-heading\" id=\"sl60\">SL60<\/h2>\n\n\n\n<h3 class=\"wp-block-heading\">Caract\u00e9ristiques techniques<\/h3>\n\n\n\n<figure class=\"wp-block-table is-style-stripes\"><table><tbody><tr><td>Capacit\u00e9 d\u2019usinage :<\/td><td>0.393\u201c &#8211; 2.374\u201c <br>(10mm &#8211; 60.3mm)<\/td><\/tr><tr><td>Formes et angles de chanfreins :<\/td><td>I, V,<br>Autres sur demande<\/td><\/tr><tr><td>Serrage :<\/td><td>Manuel<\/td><\/tr><tr><td>Course d\u00b4avance :<\/td><td>0.394\u201c (10mm)<\/td><\/tr><tr><td>Vitesse de rotation :<\/td><td>120 tr\/min \u00e0 360 tr\/min<\/td><\/tr><tr><td>Motorisation pneumatique :<\/td><td>730 W, 6 bar (87 psi),<br>1400 l\/min (49 cfm)<\/td><\/tr><tr><td>Motorisation \u00e9lectrique :<\/td><td>110 V (1500 W) ou<br>220 V (1050 W)<\/td><\/tr><\/tbody><\/table><\/figure>\n\n\n\n<figure class=\"wp-block-image size-large\"><img loading=\"lazy\" decoding=\"async\" width=\"1024\" height=\"570\" src=\"http:\/\/www.ultimaster.com\/wp-content\/uploads\/2022\/02\/SL60-1-1024x570.png\" alt=\"\" class=\"wp-image-63\" srcset=\"https:\/\/www.ultimaster.com\/wp-content\/uploads\/2022\/02\/SL60-1-1024x570.png 1024w, https:\/\/www.ultimaster.com\/wp-content\/uploads\/2022\/02\/SL60-1-300x167.png 300w, https:\/\/www.ultimaster.com\/wp-content\/uploads\/2022\/02\/SL60-1-768x428.png 768w, https:\/\/www.ultimaster.com\/wp-content\/uploads\/2022\/02\/SL60-1.png 1530w\" sizes=\"auto, (max-width: 1024px) 100vw, 1024px\" \/><\/figure>\n\n\n\n<h2 class=\"wp-block-heading\" id=\"sl60\">SL120<\/h2>\n\n\n\n<h3 class=\"wp-block-heading\">Caract\u00e9ristiques techniques<\/h3>\n\n\n\n<figure class=\"wp-block-table is-style-stripes\"><table><tbody><tr><td>Capacit\u00e9 d\u2019usinage :<\/td><td>1.968\u201c &#8211; 4.724\u201c <br>(50mm &#8211; 120mm)<\/td><\/tr><tr><td>Formes et angles de chanfreins :<\/td><td>I, V,<br>Autres sur demande<\/td><\/tr><tr><td>Serrage :<\/td><td>Manuel<\/td><\/tr><tr><td>Course d\u00b4avance :<\/td><td>0.394\u201c (10mm)<\/td><\/tr><tr><td>Vitesse de rotation :<\/td><td>20 tr\/min \u00e0 60 tr\/min<\/td><\/tr><tr><td>Motorisation pneumatique :<\/td><td>730 W, 6 bar (87 psi),<br>1400 l\/min (49 cfm)<\/td><\/tr><tr><td>Motorisation \u00e9lectrique :<\/td><td>110 V (1500 W) ou<br>220 V (1050 W)<\/td><\/tr><\/tbody><\/table><\/figure>\n\n\n\n<figure class=\"wp-block-image size-full\"><img loading=\"lazy\" decoding=\"async\" width=\"926\" height=\"844\" src=\"http:\/\/www.ultimaster.com\/wp-content\/uploads\/2022\/02\/SL120-1-1.png\" alt=\"\" class=\"wp-image-65\" srcset=\"https:\/\/www.ultimaster.com\/wp-content\/uploads\/2022\/02\/SL120-1-1.png 926w, https:\/\/www.ultimaster.com\/wp-content\/uploads\/2022\/02\/SL120-1-1-300x273.png 300w, https:\/\/www.ultimaster.com\/wp-content\/uploads\/2022\/02\/SL120-1-1-768x700.png 768w\" sizes=\"auto, (max-width: 926px) 100vw, 926px\" \/><\/figure>\n","protected":false},"excerpt":{"rendered":"<p>Rechtwinkliges &amp; gratfreies Anplanen and Anfasen (I-V-U-Innenbearbeitung-Doppelfasen) f\u00fcr Rohre &amp; Rohrbogen. Mit der PROTEM SE-NG Serie lassen sich Rohre mit Au\u00dfen \u00d8 von 0.393\u201c &#8211; 8.622\u201c (10mm-219mm) bearbeiten. Die PROTEM SE-NG Serie bietet einen sehr pr\u00e4zisen Vorschub, leistungsstarke &amp; zuverl\u00e4ssige Antriebe f\u00fcr ein perfektes Arbeitsergebnis &amp; optimierte Lebensdauer der Schneideins\u00e4tze. Die Werkzeughalterplatte erm\u00f6glicht das Planen &hellip; <\/p>\n<p class=\"link-more\"><a href=\"https:\/\/www.ultimaster.com\/index.php\/fr\/notre-gamme-de-produits\/dresseuses-de-tubes\/gamme-sl-dresseuses-de-tubes\/\" class=\"more-link\">Read more<span class=\"screen-reader-text\"> &#8220;Gamme SL &#8211; Dresseuses de tubes&#8221;<\/span><\/a><\/p>\n","protected":false},"author":2,"featured_media":0,"parent":301,"menu_order":0,"comment_status":"closed","ping_status":"closed","template":"","meta":{"footnotes":""},"class_list":["post-316","page","type-page","status-publish","hentry"],"_links":{"self":[{"href":"https:\/\/www.ultimaster.com\/index.php\/wp-json\/wp\/v2\/pages\/316","targetHints":{"allow":["GET"]}}],"collection":[{"href":"https:\/\/www.ultimaster.com\/index.php\/wp-json\/wp\/v2\/pages"}],"about":[{"href":"https:\/\/www.ultimaster.com\/index.php\/wp-json\/wp\/v2\/types\/page"}],"author":[{"embeddable":true,"href":"https:\/\/www.ultimaster.com\/index.php\/wp-json\/wp\/v2\/users\/2"}],"replies":[{"embeddable":true,"href":"https:\/\/www.ultimaster.com\/index.php\/wp-json\/wp\/v2\/comments?post=316"}],"version-history":[{"count":1,"href":"https:\/\/www.ultimaster.com\/index.php\/wp-json\/wp\/v2\/pages\/316\/revisions"}],"predecessor-version":[{"id":317,"href":"https:\/\/www.ultimaster.com\/index.php\/wp-json\/wp\/v2\/pages\/316\/revisions\/317"}],"up":[{"embeddable":true,"href":"https:\/\/www.ultimaster.com\/index.php\/wp-json\/wp\/v2\/pages\/301"}],"wp:attachment":[{"href":"https:\/\/www.ultimaster.com\/index.php\/wp-json\/wp\/v2\/media?parent=316"}],"curies":[{"name":"wp","href":"https:\/\/api.w.org\/{rel}","templated":true}]}}