{"id":334,"date":"2022-05-02T14:05:57","date_gmt":"2022-05-02T13:05:57","guid":{"rendered":"http:\/\/www.ultimaster.com\/?page_id=334"},"modified":"2022-07-06T15:55:21","modified_gmt":"2022-07-06T14:55:21","slug":"mietmaschinen","status":"publish","type":"page","link":"https:\/\/www.ultimaster.com\/index.php\/de\/kundendienst-support\/mietmaschinen\/","title":{"rendered":"Mietmaschinen"},"content":{"rendered":"\n<h3 class=\"wp-block-heading\" id=\"ultimaster-offers-a-rental-service-to-meet-your-temporary-requirements-for-welding-preparation-equipment\">ULTIMASTER bietet einen Miet-Service zur Deckung Ihrer kurzfristigen und\/oder projektbezogenen Bedarfsf\u00e4lle zur Schwei\u00dfnahtvorbereitung<\/h3>\n\n\n\n<p>Unsere Maschinen sind konzipiert f\u00fcr kalte Trenn- oder Bearbeitungsprozesse, in allen Lagen, ohne W\u00e4rmeeinflusszone, an Rohren aus allen Materialien, z.B. Inox, Hartmetall, exotischen Legierungen, Titan, Zirconium, Gussmaterial, Inconel, Duplex, Super Duplex, Kupfer, Aluminium<\/p>\n\n\n\n<p>\u2022\u00a0Vermietung von orbitalen Trennmaschinen ULTIMATE SPLIT<br>\u2022\u00a0Vermietung von Rohranplanmaschinen Serie SE<br>\u2022\u00a0Vermietung von Rohranplanmaschinen Serie SE-NG<br>\u2022\u00a0Vermietung von Rohrbearbeitungsmaschinen Serie SL<\/p>\n\n\n\n<p><em>Andere: Bitte genauer beschreiben.<\/em><\/p>\n\n\n\n<h3 class=\"wp-block-heading\" id=\"ultimaster-also-offers-a-training-service-for-your-operators\"><strong>ULTIMASTER bietet auch Schulungen zur Maschinenbedienung f\u00fcr Ihr Personal<\/strong><\/h3>\n\n\n\n<p>\u2022\u00a0Interne Einweisungen f\u00fcr Bediener bei Ihnen vor Ort<br>\u2022\u00a0Ausbildung in unserem Werk in Frankreich<\/p>\n\n\n\n<p><em>Z\u00f6gern Sie nicht, uns f\u00fcr weitere Einzelheiten zu konsultieren.<\/em><\/p>\n\n\n\n<h3 class=\"wp-block-heading\" id=\"what-ultimaster-equipment-would-you-like-to-rent\">Welche Maschinen von ULTIMASTER m\u00f6chten Sie mieten.<\/h3>\n\n\n\n<p>Um mit Ihnen gemeinsam herausfinden zu k\u00f6nnen, welchen konkreten Bedarf an ULTIMASTER-Produkten es f\u00fcr Ihre jeweilige Anwendung zu decken gilt, lassen Sie uns bitte folgende Informationen zukommen:<\/p>\n\n\n\n<p>\u2022\u00a0Um welche Art von Anwendung handelt es sich genau: Orbitales Trennen, Anplanen, Anfasen, andere?<br>\u2022\u00a0Durchmesser und Wandst\u00e4rken die bearbeitet werden sollen<br>\u2022\u00a0Welche Materialien m\u00f6chten Sie bearbeiten?<br>\u2022\u00a0Gibt es Einschr\u00e4nkungen am Ort der Bearbeitung? Zugang, Temperaturen, etc\u2026?<br>\u2022\u00a0Einsatzart der Maschine: mobil oderstation\u00e4r?<br>\u2022\u00a0Unter welchen Bedingungen werden die Materialien verwendet (im Werk, auf Baustellen&#8230;)<br>\u2022 Einsatzh\u00e4ufigkeit der Maschine (z.B. St\u00fcckzahlen pro Tag)<br>\u2022\u00a0Besonders zu beachtende Toleranzen<br>\u2022\u00a0F\u00fcr welchen Zeitraum m\u00f6chten Sie die Ausr\u00fcstungen mieten?<br>\u2022\u00a0Ab wann m\u00f6chten Sie die Ausr\u00fcstungen mieten?<br>\u2022\u00a0Wo befindet sich Ihre Baustelle? Auf deutschem Gebiet, im Ausland?<br>\u2022\u00a0W\u00fcnschen Sie ein Angebot f\u00fcr die Schulung Ihres Bedienungspersonals?<\/p>\n","protected":false},"excerpt":{"rendered":"<p>ULTIMASTER bietet einen Miet-Service zur Deckung Ihrer kurzfristigen und\/oder projektbezogenen Bedarfsf\u00e4lle zur Schwei\u00dfnahtvorbereitung Unsere Maschinen sind konzipiert f\u00fcr kalte Trenn- oder Bearbeitungsprozesse, in allen Lagen, ohne W\u00e4rmeeinflusszone, an Rohren aus allen Materialien, z.B. Inox, Hartmetall, exotischen Legierungen, Titan, Zirconium, Gussmaterial, Inconel, Duplex, Super Duplex, Kupfer, Aluminium \u2022\u00a0Vermietung von orbitalen Trennmaschinen ULTIMATE SPLIT\u2022\u00a0Vermietung von Rohranplanmaschinen Serie &hellip; <\/p>\n<p class=\"link-more\"><a href=\"https:\/\/www.ultimaster.com\/index.php\/de\/kundendienst-support\/mietmaschinen\/\" class=\"more-link\">Read more<span class=\"screen-reader-text\"> &#8220;Mietmaschinen&#8221;<\/span><\/a><\/p>\n","protected":false},"author":2,"featured_media":0,"parent":454,"menu_order":0,"comment_status":"closed","ping_status":"closed","template":"","meta":{"footnotes":""},"class_list":["post-334","page","type-page","status-publish","hentry"],"_links":{"self":[{"href":"https:\/\/www.ultimaster.com\/index.php\/wp-json\/wp\/v2\/pages\/334","targetHints":{"allow":["GET"]}}],"collection":[{"href":"https:\/\/www.ultimaster.com\/index.php\/wp-json\/wp\/v2\/pages"}],"about":[{"href":"https:\/\/www.ultimaster.com\/index.php\/wp-json\/wp\/v2\/types\/page"}],"author":[{"embeddable":true,"href":"https:\/\/www.ultimaster.com\/index.php\/wp-json\/wp\/v2\/users\/2"}],"replies":[{"embeddable":true,"href":"https:\/\/www.ultimaster.com\/index.php\/wp-json\/wp\/v2\/comments?post=334"}],"version-history":[{"count":1,"href":"https:\/\/www.ultimaster.com\/index.php\/wp-json\/wp\/v2\/pages\/334\/revisions"}],"predecessor-version":[{"id":335,"href":"https:\/\/www.ultimaster.com\/index.php\/wp-json\/wp\/v2\/pages\/334\/revisions\/335"}],"up":[{"embeddable":true,"href":"https:\/\/www.ultimaster.com\/index.php\/wp-json\/wp\/v2\/pages\/454"}],"wp:attachment":[{"href":"https:\/\/www.ultimaster.com\/index.php\/wp-json\/wp\/v2\/media?parent=334"}],"curies":[{"name":"wp","href":"https:\/\/api.w.org\/{rel}","templated":true}]}}