{"id":338,"date":"2022-05-02T14:15:29","date_gmt":"2022-05-02T13:15:29","guid":{"rendered":"http:\/\/www.ultimaster.com\/?page_id=338"},"modified":"2022-07-07T12:24:43","modified_gmt":"2022-07-07T11:24:43","slug":"locations","status":"publish","type":"page","link":"https:\/\/www.ultimaster.com\/index.php\/fr\/services-supports-2\/locations\/","title":{"rendered":"Locations"},"content":{"rendered":"\n<h3 class=\"wp-block-heading\" id=\"ultimaster-offers-a-rental-service-to-meet-your-temporary-requirements-for-welding-preparation-equipment\"><strong><em>ULTIMASTER<\/em>\u00a0offre un service de location pour r\u00e9pondre \u00e0 vos besoins ponctuels d&#8217;\u00e9quipements pour effectuer vos travaux de pr\u00e9paration \u00e0 la soudure<\/strong><\/h3>\n\n\n\n<p>Nos \u00e9quipements sont con\u00e7us pour effectuer des usinages selon des proc\u00e9d\u00e9s de coupe ou usinage \u00e0 froid, en toutes positions, sans zone affect\u00e9e thermiquement, sur des tubes en inox, acier carbone, aciers exotiques, titane, zirconium, aust\u00e9nite, inconel, duplex, super duplex, cuivre, aluminium&#8230;<\/p>\n\n\n\n<p>\u2022 Location machines orbitales de coupe ULTIMATE SPLIT<br>\u2022\u00a0Location dresseuses de tubes gamme SE<br>\u2022\u00a0Location dresseuses de tubes gamme SL<br>\u2022 Location machine d\u2019usinage de tube gamme SE-NG<\/p>\n\n\n\n<p><em><em>Autres : Veuillez pr\u00e9ciser svp.<\/em><\/em><\/p>\n\n\n\n<h3 class=\"wp-block-heading\" id=\"ultimaster-also-offers-a-training-service-for-your-operators\"><strong>ULTIMASTER offre \u00e9galement un service de formation de vos op\u00e9rateurs<\/strong><\/h3>\n\n\n\n<p>\u2022\u00a0Formations internes des op\u00e9rateurs chantiers<br>\u2022\u00a0Formation sur site France et export des op\u00e9rateurs chantiers<\/p>\n\n\n\n<p><em><em>N&#8217;h\u00e9sitez pas \u00e0 nous consulter pour de plus amples informations.<\/em><\/em><\/p>\n\n\n\n<h3 class=\"wp-block-heading\" id=\"what-ultimaster-equipment-would-you-like-to-rent\">Quel \u00e9quipement ULTIMASTER souhaitez-vous-louer ?<\/h3>\n\n\n\n<p>Afin de d\u00e9terminer avec vous quel \u00e9quipement de la gamme ULTIMASTER satisfait les exigences de votre application, veuillez svp nous communiquer les informations suivantes :<\/p>\n\n\n\n<p>\u2022 Quel travail sera \u00e0 r\u00e9aliser : Coupe orbitale, dressage, autre ? Pr\u00e9ciser svp<br>\u2022 Diam\u00e8tres et \u00e9paisseurs \u00e0 consid\u00e9rer<br>\u2022 Mati\u00e8res \u00e0 consid\u00e9rer<br>\u2022 Contraintes particuli\u00e8res \u00e0 consid\u00e9rer ? Accessibilit\u00e9, temp\u00e9ratures, autres ?<br>\u2022 Utilisation sur site ou en atelier<br>\u2022 Dans quelles conditions seront utilis\u00e9s les mat\u00e9riels (en usine, sur site\u2026)<br>\u2022 Cadences<br>\u2022 Tol\u00e9rances particuli\u00e8res \u00e0 consid\u00e9rer<br>\u2022 Pendant quelle dur\u00e9e souhaitez-vous louer les \u00e9quipements ?<br>\u2022 \u00c0 partir de quand souhaitez-vous louer les \u00e9quipements ?<br>\u2022 O\u00f9 votre chantier se situe-t-il ? Sur le territoire francais, \u00e0 l&#8217;\u00e9tranger ? Veuillez pr\u00e9ciser svp<br>\u2022 Souhaitez-vous une offre pour une formation de vos op\u00e9rateurs ?<\/p>\n","protected":false},"excerpt":{"rendered":"<p>ULTIMASTER\u00a0offre un service de location pour r\u00e9pondre \u00e0 vos besoins ponctuels d&#8217;\u00e9quipements pour effectuer vos travaux de pr\u00e9paration \u00e0 la soudure Nos \u00e9quipements sont con\u00e7us pour effectuer des usinages selon des proc\u00e9d\u00e9s de coupe ou usinage \u00e0 froid, en toutes positions, sans zone affect\u00e9e thermiquement, sur des tubes en inox, acier carbone, aciers exotiques, titane, &hellip; <\/p>\n<p class=\"link-more\"><a href=\"https:\/\/www.ultimaster.com\/index.php\/fr\/services-supports-2\/locations\/\" class=\"more-link\">Read more<span class=\"screen-reader-text\"> &#8220;Locations&#8221;<\/span><\/a><\/p>\n","protected":false},"author":2,"featured_media":0,"parent":456,"menu_order":0,"comment_status":"closed","ping_status":"closed","template":"","meta":{"footnotes":""},"class_list":["post-338","page","type-page","status-publish","hentry"],"_links":{"self":[{"href":"https:\/\/www.ultimaster.com\/index.php\/wp-json\/wp\/v2\/pages\/338","targetHints":{"allow":["GET"]}}],"collection":[{"href":"https:\/\/www.ultimaster.com\/index.php\/wp-json\/wp\/v2\/pages"}],"about":[{"href":"https:\/\/www.ultimaster.com\/index.php\/wp-json\/wp\/v2\/types\/page"}],"author":[{"embeddable":true,"href":"https:\/\/www.ultimaster.com\/index.php\/wp-json\/wp\/v2\/users\/2"}],"replies":[{"embeddable":true,"href":"https:\/\/www.ultimaster.com\/index.php\/wp-json\/wp\/v2\/comments?post=338"}],"version-history":[{"count":1,"href":"https:\/\/www.ultimaster.com\/index.php\/wp-json\/wp\/v2\/pages\/338\/revisions"}],"predecessor-version":[{"id":339,"href":"https:\/\/www.ultimaster.com\/index.php\/wp-json\/wp\/v2\/pages\/338\/revisions\/339"}],"up":[{"embeddable":true,"href":"https:\/\/www.ultimaster.com\/index.php\/wp-json\/wp\/v2\/pages\/456"}],"wp:attachment":[{"href":"https:\/\/www.ultimaster.com\/index.php\/wp-json\/wp\/v2\/media?parent=338"}],"curies":[{"name":"wp","href":"https:\/\/api.w.org\/{rel}","templated":true}]}}