{"id":454,"date":"2022-07-06T15:41:47","date_gmt":"2022-07-06T14:41:47","guid":{"rendered":"http:\/\/www.ultimaster.com\/?page_id=454"},"modified":"2022-07-06T15:43:22","modified_gmt":"2022-07-06T14:43:22","slug":"kundendienst-support","status":"publish","type":"page","link":"https:\/\/www.ultimaster.com\/index.php\/de\/kundendienst-support\/","title":{"rendered":"Kundendienst &#038; Support"},"content":{"rendered":"\n<p>Dank seiner langj\u00e4hrigen Erfahrung und seinem Know-how konnte ULTIMASTER Schulungsprogramme entwickeln, um die Anwender seiner Technologien f\u00fcr die Verfahren, die mit unseren Anlagen und Systemen bei Instandsetzung und Wartung zum Einsatz kommen, zu sensibilisieren. Unsere Ingenieure und Techniker bieten Ihnen Schulungen in unseren Schulungszentren in Frankreich, Deutschland oder in den USA an. Auch unser Vertriebsnetz (\u00fcber 50 H\u00e4ndler weltweit) bietet solche Schulungen an.<\/p>\n\n\n\n<p>Bei der Schulung geht es insbesondere um:<\/p>\n\n\n\n<ul class=\"wp-block-list\"><li>Die vom Bediener zu ber\u00fccksichtigenden Sicherheitsvorschriften<\/li><li>Die Anwendung unserer Maschinen, unseres Zubeh\u00f6rs, unserer Werkzeuge und Antriebe und unserer hydraulischen Aggregate.<\/li><li>Die Wartungsverfahren unserer Anlagen<\/li><\/ul>\n\n\n\n<p>Diese Schulungen k\u00f6nnen im Rahmen der beruflichen Weiterbildung durchgef\u00fchrt werden, damit sich Ihre Bediener die f\u00fcr die Anwendung von trag- bzw. transportierbaren Bearbeitungsmaschinen n\u00f6tigen Kenntnisse aneignen k\u00f6nnen.<\/p>\n\n\n\n<p>Schulungsbeispiele:<\/p>\n\n\n\n<ul class=\"wp-block-list\"><li>Bedienerschulungen in Werkst\u00e4tten: in Kundenwerkst\u00e4tten oder in Werkst\u00e4tten von PROTEM<\/li><li>On-site-Schulungen<\/li><li>Schulungen f\u00fcr die verschiedenen Bearbeitungstechniken<\/li><li>Schulungen f\u00fcr Verfahren, die beim Bau, bei der Wartung oder beim R\u00fcckbau von Kernkraftwerken oder Erd\u00f6lf\u00f6rderanlagen zum Einsatz kommen.<\/li><\/ul>\n\n\n\n<p>Wenn Sie mehr \u00fcber eine bestimmte Schulung wissen wollen oder an einer Schulung teilnehmen m\u00f6chten, kontaktieren Sie uns bitte.<\/p>\n\n\n\n<figure class=\"wp-block-image size-large\"><img loading=\"lazy\" decoding=\"async\" width=\"1024\" height=\"682\" src=\"http:\/\/www.ultimaster.com\/wp-content\/uploads\/2022\/07\/INDUSTRY-people-9-1024x682.jpg\" alt=\"\" class=\"wp-image-452\" srcset=\"https:\/\/www.ultimaster.com\/wp-content\/uploads\/2022\/07\/INDUSTRY-people-9-1024x682.jpg 1024w, https:\/\/www.ultimaster.com\/wp-content\/uploads\/2022\/07\/INDUSTRY-people-9-300x200.jpg 300w, https:\/\/www.ultimaster.com\/wp-content\/uploads\/2022\/07\/INDUSTRY-people-9-768x512.jpg 768w, https:\/\/www.ultimaster.com\/wp-content\/uploads\/2022\/07\/INDUSTRY-people-9-1536x1024.jpg 1536w, https:\/\/www.ultimaster.com\/wp-content\/uploads\/2022\/07\/INDUSTRY-people-9-2048x1365.jpg 2048w, https:\/\/www.ultimaster.com\/wp-content\/uploads\/2022\/07\/INDUSTRY-people-9-2000x1333.jpg 2000w\" sizes=\"auto, (max-width: 1024px) 100vw, 1024px\" \/><\/figure>\n","protected":false},"excerpt":{"rendered":"<p>Dank seiner langj\u00e4hrigen Erfahrung und seinem Know-how konnte ULTIMASTER Schulungsprogramme entwickeln, um die Anwender seiner Technologien f\u00fcr die Verfahren, die mit unseren Anlagen und Systemen bei Instandsetzung und Wartung zum Einsatz kommen, zu sensibilisieren. Unsere Ingenieure und Techniker bieten Ihnen Schulungen in unseren Schulungszentren in Frankreich, Deutschland oder in den USA an. Auch unser Vertriebsnetz &hellip; <\/p>\n<p class=\"link-more\"><a href=\"https:\/\/www.ultimaster.com\/index.php\/de\/kundendienst-support\/\" class=\"more-link\">Read more<span class=\"screen-reader-text\"> &#8220;Kundendienst &#038; Support&#8221;<\/span><\/a><\/p>\n","protected":false},"author":2,"featured_media":0,"parent":0,"menu_order":0,"comment_status":"closed","ping_status":"closed","template":"","meta":{"footnotes":""},"class_list":["post-454","page","type-page","status-publish","hentry"],"_links":{"self":[{"href":"https:\/\/www.ultimaster.com\/index.php\/wp-json\/wp\/v2\/pages\/454","targetHints":{"allow":["GET"]}}],"collection":[{"href":"https:\/\/www.ultimaster.com\/index.php\/wp-json\/wp\/v2\/pages"}],"about":[{"href":"https:\/\/www.ultimaster.com\/index.php\/wp-json\/wp\/v2\/types\/page"}],"author":[{"embeddable":true,"href":"https:\/\/www.ultimaster.com\/index.php\/wp-json\/wp\/v2\/users\/2"}],"replies":[{"embeddable":true,"href":"https:\/\/www.ultimaster.com\/index.php\/wp-json\/wp\/v2\/comments?post=454"}],"version-history":[{"count":2,"href":"https:\/\/www.ultimaster.com\/index.php\/wp-json\/wp\/v2\/pages\/454\/revisions"}],"predecessor-version":[{"id":458,"href":"https:\/\/www.ultimaster.com\/index.php\/wp-json\/wp\/v2\/pages\/454\/revisions\/458"}],"wp:attachment":[{"href":"https:\/\/www.ultimaster.com\/index.php\/wp-json\/wp\/v2\/media?parent=454"}],"curies":[{"name":"wp","href":"https:\/\/api.w.org\/{rel}","templated":true}]}}