{"id":456,"date":"2022-07-06T15:43:11","date_gmt":"2022-07-06T14:43:11","guid":{"rendered":"http:\/\/www.ultimaster.com\/?page_id=456"},"modified":"2022-07-06T15:43:11","modified_gmt":"2022-07-06T14:43:11","slug":"services-supports-2","status":"publish","type":"page","link":"https:\/\/www.ultimaster.com\/index.php\/fr\/services-supports-2\/","title":{"rendered":"Services &#038; Supports"},"content":{"rendered":"\n<p>PROTEM forte de son exp\u00e9rience et de son savoir faire a d\u00e9velopp\u00e9 des programmes de formations con\u00e7us pour permettre aux utilisateurs d\u00b4\u00eatre sensibilis\u00e9s aux proc\u00e9dures \u00e0 mettre en \u0153uvre lors des mises en service de nos \u00e9quipements, lors de leur maintenance. Nos ing\u00e9nieurs et techniciens vous proposent des formations au sein de nos ateliers en France, en Allemagne ou aux USA. Notre r\u00e9seau de distributeurs (plus de 50 distributeurs dans le monde) propose \u00e9galement de telles formations.<\/p>\n\n\n\n<p>La formation est ax\u00e9e notamment sur :<\/p>\n\n\n\n<ul class=\"wp-block-list\"><li>Les r\u00e8gles de s\u00e9curit\u00e9 devant \u00eatre observ\u00e9es par l\u00b4op\u00e9rateur<\/li><li>L\u2019utilisation de nos machines, accessoires, outils, motorisations, groupes hydrauliques.<\/li><li>Les proc\u00e9dures de maintenance des \u00e9quipements<\/li><\/ul>\n\n\n\n<p>Ces formations peuvent-\u00eatre r\u00e9alis\u00e9es dans le cadre de formations professionnelles permettant \u00e0 vos op\u00e9rateurs d\u2019acqu\u00e9rir les connaissances n\u00e9cessaires \u00e0 l\u2019utilisation de machines portables ou transportables d\u2019usinage de tubes.<\/p>\n\n\n\n<p>Exemple de formations :<\/p>\n\n\n\n<ul class=\"wp-block-list\"><li>Formations des op\u00e9rateurs chantiers : au sein des ateliers du client ou au sein des ateliers de PROTEM<\/li><li>Formations sur site<\/li><li>Formations aux diff\u00e9rentes techniques d\u00b4usinage<\/li><li>Formations aux proc\u00e9d\u00e9s \u00e0 mettre en \u0153uvre dans le cadre de travaux de construction, maintenance ou d\u00e9mant\u00e8lement<\/li><\/ul>\n\n\n\n<p>Pour toute formation, nous contacter afin que nous puissions \u00e9tablir un programme \u00ab sur mesure \u00bb.<\/p>\n\n\n\n<figure class=\"wp-block-image size-large\"><img loading=\"lazy\" decoding=\"async\" width=\"1024\" height=\"682\" src=\"http:\/\/www.ultimaster.com\/wp-content\/uploads\/2022\/07\/INDUSTRY-people-9-1024x682.jpg\" alt=\"\" class=\"wp-image-452\" srcset=\"https:\/\/www.ultimaster.com\/wp-content\/uploads\/2022\/07\/INDUSTRY-people-9-1024x682.jpg 1024w, https:\/\/www.ultimaster.com\/wp-content\/uploads\/2022\/07\/INDUSTRY-people-9-300x200.jpg 300w, https:\/\/www.ultimaster.com\/wp-content\/uploads\/2022\/07\/INDUSTRY-people-9-768x512.jpg 768w, https:\/\/www.ultimaster.com\/wp-content\/uploads\/2022\/07\/INDUSTRY-people-9-1536x1024.jpg 1536w, https:\/\/www.ultimaster.com\/wp-content\/uploads\/2022\/07\/INDUSTRY-people-9-2048x1365.jpg 2048w, https:\/\/www.ultimaster.com\/wp-content\/uploads\/2022\/07\/INDUSTRY-people-9-2000x1333.jpg 2000w\" sizes=\"auto, (max-width: 1024px) 100vw, 1024px\" \/><\/figure>\n","protected":false},"excerpt":{"rendered":"<p>PROTEM forte de son exp\u00e9rience et de son savoir faire a d\u00e9velopp\u00e9 des programmes de formations con\u00e7us pour permettre aux utilisateurs d\u00b4\u00eatre sensibilis\u00e9s aux proc\u00e9dures \u00e0 mettre en \u0153uvre lors des mises en service de nos \u00e9quipements, lors de leur maintenance. Nos ing\u00e9nieurs et techniciens vous proposent des formations au sein de nos ateliers en &hellip; <\/p>\n<p class=\"link-more\"><a href=\"https:\/\/www.ultimaster.com\/index.php\/fr\/services-supports-2\/\" class=\"more-link\">Read more<span class=\"screen-reader-text\"> &#8220;Services &#038; Supports&#8221;<\/span><\/a><\/p>\n","protected":false},"author":2,"featured_media":0,"parent":0,"menu_order":0,"comment_status":"closed","ping_status":"closed","template":"","meta":{"footnotes":""},"class_list":["post-456","page","type-page","status-publish","hentry"],"_links":{"self":[{"href":"https:\/\/www.ultimaster.com\/index.php\/wp-json\/wp\/v2\/pages\/456","targetHints":{"allow":["GET"]}}],"collection":[{"href":"https:\/\/www.ultimaster.com\/index.php\/wp-json\/wp\/v2\/pages"}],"about":[{"href":"https:\/\/www.ultimaster.com\/index.php\/wp-json\/wp\/v2\/types\/page"}],"author":[{"embeddable":true,"href":"https:\/\/www.ultimaster.com\/index.php\/wp-json\/wp\/v2\/users\/2"}],"replies":[{"embeddable":true,"href":"https:\/\/www.ultimaster.com\/index.php\/wp-json\/wp\/v2\/comments?post=456"}],"version-history":[{"count":1,"href":"https:\/\/www.ultimaster.com\/index.php\/wp-json\/wp\/v2\/pages\/456\/revisions"}],"predecessor-version":[{"id":457,"href":"https:\/\/www.ultimaster.com\/index.php\/wp-json\/wp\/v2\/pages\/456\/revisions\/457"}],"wp:attachment":[{"href":"https:\/\/www.ultimaster.com\/index.php\/wp-json\/wp\/v2\/media?parent=456"}],"curies":[{"name":"wp","href":"https:\/\/api.w.org\/{rel}","templated":true}]}}