{"id":467,"date":"2022-07-07T08:02:43","date_gmt":"2022-07-07T07:02:43","guid":{"rendered":"http:\/\/www.ultimaster.com\/?page_id=467"},"modified":"2022-07-07T10:47:46","modified_gmt":"2022-07-07T09:47:46","slug":"mises-en-service-sur-site-ou-dans-vos-ateliers","status":"publish","type":"page","link":"https:\/\/www.ultimaster.com\/index.php\/fr\/services-supports-2\/mises-en-service-sur-site-ou-dans-vos-ateliers\/","title":{"rendered":"Mises en service sur site ou dans vos ateliers"},"content":{"rendered":"\n<p>B\u00e9n\u00e9ficiant de 50 ann\u00e9es d\u2019exp\u00e9rience, ULTIMASTER s\u2019adapte \u00e0 toutes les situations et accompagne vos projets industriels dans le monde entier.<\/p>\n\n\n\n<p>Depuis la conception, la fabrication, l\u2019assemblage des machines et jusqu\u2019\u00e0 leur mise en service , les techniciens ULTIMASTER assurent la mise en service et l\u2019int\u00e9gration de vos \u00e9quipements pour une productivit\u00e9 augment\u00e9e de mani\u00e8re tr\u00e8s cons\u00e9quente.<\/p>\n\n\n\n<p>Nos \u00e9quipes poss\u00e8dent toutes les accr\u00e9ditations et comp\u00e9tences leur permettant de mettre en service et d\u2019utiliser les machines ULTIMASTER dans n\u2019importe quelles conditions et environnements (zones soumises \u00e0 rayonnements ionisants, temp\u00e9ratures extr\u00eames, milieux salins etc.).<\/p>\n\n\n\n<p>Vos op\u00e9rateurs pourront \u00e9galement b\u00e9n\u00e9ficier d\u2019une formation dispens\u00e9e par nos techniciens afin d\u00b4exploiter, dans des conditions optimis\u00e9es et s\u00e9curis\u00e9es, les performances de vos \u00e9quipements.<\/p>\n\n\n\n<figure class=\"wp-block-image size-large\"><img loading=\"lazy\" decoding=\"async\" width=\"1024\" height=\"682\" src=\"http:\/\/www.ultimaster.com\/wp-content\/uploads\/2022\/07\/INDUSTRY-people-7-1024x682.jpg\" alt=\"\" class=\"wp-image-465\" srcset=\"https:\/\/www.ultimaster.com\/wp-content\/uploads\/2022\/07\/INDUSTRY-people-7-1024x682.jpg 1024w, https:\/\/www.ultimaster.com\/wp-content\/uploads\/2022\/07\/INDUSTRY-people-7-300x200.jpg 300w, https:\/\/www.ultimaster.com\/wp-content\/uploads\/2022\/07\/INDUSTRY-people-7-768x512.jpg 768w, https:\/\/www.ultimaster.com\/wp-content\/uploads\/2022\/07\/INDUSTRY-people-7-1536x1023.jpg 1536w, https:\/\/www.ultimaster.com\/wp-content\/uploads\/2022\/07\/INDUSTRY-people-7.jpg 1698w\" sizes=\"auto, (max-width: 1024px) 100vw, 1024px\" \/><\/figure>\n","protected":false},"excerpt":{"rendered":"<p>B\u00e9n\u00e9ficiant de 50 ann\u00e9es d\u2019exp\u00e9rience, ULTIMASTER s\u2019adapte \u00e0 toutes les situations et accompagne vos projets industriels dans le monde entier. Depuis la conception, la fabrication, l\u2019assemblage des machines et jusqu\u2019\u00e0 leur mise en service , les techniciens ULTIMASTER assurent la mise en service et l\u2019int\u00e9gration de vos \u00e9quipements pour une productivit\u00e9 augment\u00e9e de mani\u00e8re tr\u00e8s &hellip; <\/p>\n<p class=\"link-more\"><a href=\"https:\/\/www.ultimaster.com\/index.php\/fr\/services-supports-2\/mises-en-service-sur-site-ou-dans-vos-ateliers\/\" class=\"more-link\">Read more<span class=\"screen-reader-text\"> &#8220;Mises en service sur site ou dans vos ateliers&#8221;<\/span><\/a><\/p>\n","protected":false},"author":2,"featured_media":0,"parent":456,"menu_order":0,"comment_status":"closed","ping_status":"closed","template":"","meta":{"footnotes":""},"class_list":["post-467","page","type-page","status-publish","hentry"],"_links":{"self":[{"href":"https:\/\/www.ultimaster.com\/index.php\/wp-json\/wp\/v2\/pages\/467","targetHints":{"allow":["GET"]}}],"collection":[{"href":"https:\/\/www.ultimaster.com\/index.php\/wp-json\/wp\/v2\/pages"}],"about":[{"href":"https:\/\/www.ultimaster.com\/index.php\/wp-json\/wp\/v2\/types\/page"}],"author":[{"embeddable":true,"href":"https:\/\/www.ultimaster.com\/index.php\/wp-json\/wp\/v2\/users\/2"}],"replies":[{"embeddable":true,"href":"https:\/\/www.ultimaster.com\/index.php\/wp-json\/wp\/v2\/comments?post=467"}],"version-history":[{"count":2,"href":"https:\/\/www.ultimaster.com\/index.php\/wp-json\/wp\/v2\/pages\/467\/revisions"}],"predecessor-version":[{"id":471,"href":"https:\/\/www.ultimaster.com\/index.php\/wp-json\/wp\/v2\/pages\/467\/revisions\/471"}],"up":[{"embeddable":true,"href":"https:\/\/www.ultimaster.com\/index.php\/wp-json\/wp\/v2\/pages\/456"}],"wp:attachment":[{"href":"https:\/\/www.ultimaster.com\/index.php\/wp-json\/wp\/v2\/media?parent=467"}],"curies":[{"name":"wp","href":"https:\/\/api.w.org\/{rel}","templated":true}]}}