{"id":477,"date":"2022-07-07T08:50:20","date_gmt":"2022-07-07T07:50:20","guid":{"rendered":"http:\/\/www.ultimaster.com\/?page_id=477"},"modified":"2022-07-07T10:51:20","modified_gmt":"2022-07-07T09:51:20","slug":"wartung","status":"publish","type":"page","link":"https:\/\/www.ultimaster.com\/index.php\/de\/kundendienst-support\/wartung\/","title":{"rendered":"Wartung"},"content":{"rendered":"\n<p>ULTIMASTER steht Ihnen w\u00e4hrend der gesamten Projektdauer zur Seite.<br>Im Rahmen der Wartung Ihrer Anlagen sind unsere Ingenieure und Techniker f\u00fcr Sie da, um:<\/p>\n\n\n\n<ul class=\"wp-block-list\"><li>Ihnen Wartungsvertr\u00e4ge anzubieten, die festschreiben, dass unsere Ingenieure und Techniker ein- oder mehrmals im Jahr an Ihren Standort kommen.<\/li><li>Ihnen mittels Videokonferenzen einen interaktiven Kundendienst anzubieten, der pr\u00e4zise auf die Fragen Ihrer Mitarbeiter \u00fcber Einstellungen, Werkzeugwechsel, Austauschbarkeit der Motoren, Auswechseln von Verschlei\u00dfteilen usw. eingeht.<\/li><li>Ihre Mitarbeiter regelm\u00e4\u00dfig in Wartungsfragen zu schulen<\/li><li>Sie in Sachen pr\u00e4ventiver und korrektiver Wartung vor Ort oder in der Werkstatt zu sensibilisieren<\/li><li>Online-Diagnose<\/li><\/ul>\n\n\n\n<p>Wir sind in der Lage die Wartung von Maschinen von Tritool, DWT, Orbitalum, Axxair, E.H. Wachs, TAG, etc. durchzuf\u00fchren.<\/p>\n\n\n\n<figure class=\"wp-block-image size-large\"><img loading=\"lazy\" decoding=\"async\" width=\"1024\" height=\"768\" src=\"http:\/\/www.ultimaster.com\/wp-content\/uploads\/2022\/07\/INDUSTRY-people-service-after-sales-service-1024x768.jpg\" alt=\"\" class=\"wp-image-473\" srcset=\"https:\/\/www.ultimaster.com\/wp-content\/uploads\/2022\/07\/INDUSTRY-people-service-after-sales-service-1024x768.jpg 1024w, https:\/\/www.ultimaster.com\/wp-content\/uploads\/2022\/07\/INDUSTRY-people-service-after-sales-service-300x225.jpg 300w, https:\/\/www.ultimaster.com\/wp-content\/uploads\/2022\/07\/INDUSTRY-people-service-after-sales-service-768x576.jpg 768w, https:\/\/www.ultimaster.com\/wp-content\/uploads\/2022\/07\/INDUSTRY-people-service-after-sales-service-1536x1152.jpg 1536w, https:\/\/www.ultimaster.com\/wp-content\/uploads\/2022\/07\/INDUSTRY-people-service-after-sales-service-2048x1536.jpg 2048w, https:\/\/www.ultimaster.com\/wp-content\/uploads\/2022\/07\/INDUSTRY-people-service-after-sales-service-2000x1500.jpg 2000w\" sizes=\"auto, (max-width: 1024px) 100vw, 1024px\" \/><\/figure>\n","protected":false},"excerpt":{"rendered":"<p>ULTIMASTER steht Ihnen w\u00e4hrend der gesamten Projektdauer zur Seite.Im Rahmen der Wartung Ihrer Anlagen sind unsere Ingenieure und Techniker f\u00fcr Sie da, um: Ihnen Wartungsvertr\u00e4ge anzubieten, die festschreiben, dass unsere Ingenieure und Techniker ein- oder mehrmals im Jahr an Ihren Standort kommen. Ihnen mittels Videokonferenzen einen interaktiven Kundendienst anzubieten, der pr\u00e4zise auf die Fragen Ihrer &hellip; <\/p>\n<p class=\"link-more\"><a href=\"https:\/\/www.ultimaster.com\/index.php\/de\/kundendienst-support\/wartung\/\" class=\"more-link\">Read more<span class=\"screen-reader-text\"> &#8220;Wartung&#8221;<\/span><\/a><\/p>\n","protected":false},"author":2,"featured_media":0,"parent":454,"menu_order":0,"comment_status":"closed","ping_status":"closed","template":"","meta":{"footnotes":""},"class_list":["post-477","page","type-page","status-publish","hentry"],"_links":{"self":[{"href":"https:\/\/www.ultimaster.com\/index.php\/wp-json\/wp\/v2\/pages\/477","targetHints":{"allow":["GET"]}}],"collection":[{"href":"https:\/\/www.ultimaster.com\/index.php\/wp-json\/wp\/v2\/pages"}],"about":[{"href":"https:\/\/www.ultimaster.com\/index.php\/wp-json\/wp\/v2\/types\/page"}],"author":[{"embeddable":true,"href":"https:\/\/www.ultimaster.com\/index.php\/wp-json\/wp\/v2\/users\/2"}],"replies":[{"embeddable":true,"href":"https:\/\/www.ultimaster.com\/index.php\/wp-json\/wp\/v2\/comments?post=477"}],"version-history":[{"count":1,"href":"https:\/\/www.ultimaster.com\/index.php\/wp-json\/wp\/v2\/pages\/477\/revisions"}],"predecessor-version":[{"id":478,"href":"https:\/\/www.ultimaster.com\/index.php\/wp-json\/wp\/v2\/pages\/477\/revisions\/478"}],"up":[{"embeddable":true,"href":"https:\/\/www.ultimaster.com\/index.php\/wp-json\/wp\/v2\/pages\/454"}],"wp:attachment":[{"href":"https:\/\/www.ultimaster.com\/index.php\/wp-json\/wp\/v2\/media?parent=477"}],"curies":[{"name":"wp","href":"https:\/\/api.w.org\/{rel}","templated":true}]}}